onvert -18 (base 13) to base 8.
-25
-50 (base 16) to base 8
-120
37 (base 13) to base 4
232
Convert -124 (base 5) to base 10.
-39
27 (base 9) to base 14
1b
90 (base 11) to base 7
201
3a (base 16) to base 2
111010
Convert 4 (base 11) to base 12.
4
-10000 (base 2) to base 6
-24
Convert -15 (base 8) to base 9.
-14
10010001 (base 2) to base 5
1040
-11101 (base 3) to base 16
-76
What is 33 (base 11) in base 3?
1100
19 (base 16) to base 3
221
Convert 3 (base 10) to base 3.
10
Convert -32 (base 4) to base 6.
-22
Convert 510 (base 9) to base 15.
1c9
-3 (base 11) to base 12
-3
Convert -e5 (base 16) to base 9.
-274
Convert -2 (base 10) to base 3.
-2
4 (base 10) to base 13
4
-6 (base 11) to base 13
-6
Convert -124 (base 5) to base 6.
-103
Convert 15a (base 15) to base 13.
1ab
What is -121 (base 14) in base 11?
-195
Convert 11 (base 10) to base 12.
b
Convert -2 (base 6) to base 10.
-2
-16 (base 16) to base 7
-31
Convert 4 (base 14) to base 4.
10
What is -2 (base 9) in base 2?
-10
Convert 320 (base 7) to base 14.
b7
Convert 10 (base 8) to base 15.
8
2 (base 10) to base 4
2
Convert 4 (base 6) to base 10.
4
-62 (base 9) to base 14
-40
-126 (base 8) to base 2
-1010110
11 (base 3) to base 14
4
What is -a (base 16) in base 6?
-14
0 (base 14) to base 6
0
Convert 4 (base 14) to base 13.
4
What is -a6 (base 14) in base 6?
-402
What is -2 (base 7) in base 8?
-2
1110 (base 2) to base 5
24
Convert 229 (base 11) to base 3.
101010
-2 (base 10) to base 13
-2
What is -10 (base 4) in base 13?
-4
Convert 223 (base 10) to base 7.
436
What is 0 (base 4) in base 16?
0
What is -4 (base 8) in base 14?
-4
267 (base 12) to base 3
111121
-3102 (base 4) to base 15
-e0
What is 253 (base 6) in base 15?
70
What is -212 (base 3) in base 9?
-25
Convert 103 (base 4) to base 10.
19
What is 0 (base 15) in base 7?
0
What is -4 (base 8) in base 9?
-4
Convert 15 (base 16) to base 15.
16
What is 10 (base 4) in base 9?
4
Convert 3a (base 15) to base 10.
55
What is -10 (base 5) in base 12?
-5
Convert -6 (base 10) to base 4.
-12
What is -203 (base 4) in base 3?
-1022
Convert -2 (base 3) to base 16.
-2
Convert -12 (base 3) to base 6.
-5
Convert -15 (base 13) to base 16.
-12
What is -341 (base 6) in base 16?
-85
Convert -10a (base 11) to base 13.
-a1
-20 (base 6) to base 15
-c
-201 (base 3) to base 8
-23
-42 (base 11) to base 8
-56
What is 1 (base 14) in base 8?
1
-10001 (base 2) to base 5
-32
Convert 11 (base 3) to base 4.
10
Convert 10 (base 10) to base 3.
101
What is 110 (base 2) in base 7?
6
What is -1 (base 13) in base 8?
-1
What is -13 (base 6) in base 8?
-11
Convert 2 (base 14) to base 12.
2
What is -114 (base 5) in base 8?
-42
What is 9 (base 13) in base 2?
1001
2 (base 11) to base 9
2
1 (base 2) to base 5
1
Convert 3 (base 6) to base 15.
3
Convert -202 (base 5) to base 12.
-44
-263 (base 11) to base 2
-100110111
Convert 111 (base 3) to base 7.
16
Convert 10 (base 7) to base 5.
12
What is 110010 (base 2) in base 10?
50
Convert -1 (base 14) to base 7.
-1
Convert 69 (base 10) to base 2.
1000101
-9 (base 13) to base 6
-13
Convert 241 (base 6) to base 13.
76
Convert 7 (base 15) to base 2.
111
What is 1 (base 2) in base 5?
1
Convert -5 (base 7) to base 13.
-5
4 (base 5) to base 12
4
-2 (base 6) to base 15
-2
-24 (base 11) to base 4
-122
Convert 212 (base 3) to base 10.
23
What is 3 (base 4) in base 8?
3
What is 7 (base 14) in base 7?
10
Convert 3 (base 16) to base 14.
3
Convert -1012 (base 4) to base 12.
-5a
What is 10 (base 3) in base 6?
3
4a (base 16) to base 6
202
Convert 4e (base 16) to base 11.
71
What is 101 (base 2) in base 15?
5
What is -4d (base 15) in base 12?
-61
What is -20 (base 14) in base 4?
-130
What is 147 (base 14) in base 15?
124
Convert -24 (base 16) to base 15.
-26
Convert 2 (base 14) to base 7.
2
Convert 297 (base 12) to base 8.
623
What is -4 (base 6) in base 2?
-100
-10101000 (base 2) to base 13
-cc
-100000 (base 2) to base 11
-2a
Convert c6 (base 13) to base 5.
1122
2 (base 13) to base 7
2
Convert 1 (base 2) to base 13.
1
-124 (base 6) to base 16
-34
-6 (base 13) to base 3
-20
11001001 (base 2) to base 15
d6
Convert 13 (base 9) to base 5.
22
-100011 (base 2) to base 4
-203
Convert -1 (base 2) to base 6.
-1
What is -434 (base 5) in base 15?
-7e
What is 1303 (base 4) in base 9?
137
0 (base 12) to base 15
0
Convert -10101 (base 2) to base 5.
-41
-407 (base 8) to base 9
-322
Convert 16 (base 15) to base 8.
25
Convert -6 (base 16) to base 12.
-6
What is -22 (base 15) in base 5?
-112
-1 (base 6) to base 12
-1
-22 (base 9) to base 4
-110
5 (base 12) to base 5
10
Convert -14 (base 10) to base 3.
-112
What is -124 (base 8) in base 3?
-10010
Convert 0 (base 7) to base 14.
0
What is 1e (base 16) in base 15?
20
84 (base 13) to base 14
7a
2 (base 9) to base 7
2
What is -30 (base 8) in base 7?
-33
What is 0 (base 6) in base 2?
0
Convert 3 (base 14) to base 16.
3
7b (base 12) to base 7
164
Convert -5d (base 14) to base 6.
-215
Convert 2 (base 5) to base 6.
2
-134 (base 5) to base 13
-35
-46 (base 16) to base 15
-4a
-1024 (base 5) to base 4
-2023
Convert -4 (base 16) to base 12.
-4
-5 (base 9) to base 7
-5
What is -100 (base 11) in base 2?
-1111001
0 (base 5) to base 6
0
3 (base 5) to base 16
3
Convert -2 (base 11) to base 15.
-2
Convert -30 (base 6) to base 12.
-16
-2 (base 8) to base 13
-2
-14 (base 11) to base 12
-13
What is 26 (base 10) in base 11?
24
111 (base 2) to base 10
7
What is ce (base 16) in base 5?
1311
What is -10 (base 8) in base 12?
-8
What is -4 (base 10) in base 4?
-10
What is -10 (base 8) in base 3?
-22
Convert 0 (base 12) to base 16.
0
What is 16 (base 9) in base 10?
15
Convert 1110 (base 3) to base 13.
30
What is -1 (base 13) in base 14?
-1
111111 (base 2) to base 7
120
0 (base 14) to base 4
0
Convert -212 (base 6) to base 2.
-1010000
2 (base 4) to base 15
2
-5 (base 10) to base 15
-5
12 (base 7) to base 5
14
What is -3 (base 16) in base 9?
-3
What is 5 (base 12) in base 7?
5
Convert 0 (base 4) to base 16.
0
Convert -3 (base 14) to base 11.
-3
Convert -1 (base 9) to base 16.
-1
-15 (base 8) to base 16
-d
-1223 (base 4) to base 13
-83
2 (base 15) to base 7
2
What is 333 (base 4) in base 7?
120
What is 1035 (base 7) in base 9?
450
Convert 6 (base 15) to base 6.
10
What is -11000111 (base 2) in base 11?
-171
Convert -21 (base 7) to base 5.
-30
What is 2102 (base 3) in base 12?
55
What is 16 (base 8) in base 11?
13
Convert 222 (base 3) to base 16.
1a
15 (base 14) to base 9
21
Convert 5 (base 14) to base 8.
5
Convert 4 (base 9) to base 5.
4
-1 (base 6) to base 9
-1
What is -22 (base 6) in base 4?
-32
Convert 2 (base 13) to base 3.
2
What is -144 (base 5) in base 11?
-45
What is -4 (base 16) in base 8?
-4
-3 (base 4) to base 5
-3
Convert 23 (base 9) to base 15.
16
Convert 170 (base 15) to base 8.
512
What is -513 (base 8) in base 14?
-199
What is -375 (base 9) in base 2?
-100110111
Convert -5 (base 11) to base 10.
-5
101110011 (base 2) to base 14
1c7
1101 (base 3) to base 10
37
What is 4 (base 9) in base 4?
10
Convert -2 (base 3) to base 8.
-2
Convert 11 (base 3) to base 16.
4
Convert -2 (base 7) to base 11.
-2
103 (base 7) to base 16
34
What is 10000 (base 2) in base 3?
121
What is -5 (base 6) in base 14?
-5
What is 62 (base 11) in base 8?
104
What is 1 (base 10) in base 14?
1
Convert 1111100 (base 2) to base 3.
11121
11b (base 12) to base 4
2213
What is 6 (base 11) in base 13?
6
What is -2210 (base 3) in base 2?
-1001011
Convert -140 (base 6) to base 4.
-330
What is 6 (base 9) in base 11?
6
Convert 0 (base 11) to base 15.
0
Convert 111 (base 3) to base 9.
14
Convert 211 (base 5) to base 14.
40
-10101101 (base 2) to base 9
-212
Convert -2 (base 10) to base 13.
-2
Convert -32 (base 7) to base 15.
-18
What is 2 (base 6) in base 8?
2
Convert 10 (base 5) to base 10.
5
0 (base 5) to base 8
0
0 (base 8) to base 11
0
3 (base 15) to base 16
3
What is 149 (base 14) in base 13?
171
Convert 12 (base 12) to base 14.
10
-20 (base 3) to base 5
-11
What is 1 (base 11) in base 16?
1
Convert 24 (base 7) to base 13.
15
What is 5 (base 15) in base 7?
5
Convert 0 (base 14) to base 11.
0
Convert 1d (base 14) to base 4.
123
Convert 1 (base 7) to base 3.
1
-11 (base 14) to base 16
-f
-22 (base 5) to base 14
-c
What is 11 (base 10) in base 3?
102
Convert -21 (base 7) to base 12.
-13
Conve